{"id":273563,"date":"2016-01-13T18:39:16","date_gmt":"2016-01-13T17:39:16","guid":{"rendered":"https:\/\/cemondeblog.wordpress.com\/?page_id=231"},"modified":"2020-06-12T19:35:38","modified_gmt":"2020-06-12T17:35:38","slug":"est-ce-ainsi-que-les-hommes-vivent","status":"publish","type":"page","link":"https:\/\/asimon.eu\/blog\/est-ce-ainsi-que-les-hommes-vivent\/","title":{"rendered":"Est-ce ainsi que les hommes vivent ?"},"content":{"rendered":"\n<div class=\"wp-block-ugb-columns ugb-columns ugb-ce3f831 ugb-columns--design-plain ugb-columns--columns-3 ugb-main-block\" id=\"\"><style>.ugb-ce3f831 > .ugb-inner-block > .ugb-block-content > .ugb-columns__item{grid-template-columns:0.42fr 2.16fr 0.42fr !important}<\/style><div class=\"ugb-inner-block\"><div class=\"ugb-block-content\"><div class=\"ugb-columns__item ugb-ce3f831-content-wrapper\">\n<div class=\"wp-block-ugb-column ugb-column ugb-cf1cb2e ugb-column--design-plain ugb-main-block\" id=\"\"><div class=\"ugb-inner-block\"><div class=\"ugb-block-content\"><div class=\"ugb-column__item ugb-cf1cb2e-column-wrapper\"><div class=\"ugb-column__content-wrapper\"><\/div><\/div><\/div><\/div><\/div>\n\n\n\n<div class=\"wp-block-ugb-column ugb-column ugb-613e2d2 ugb-column--design-plain ugb-main-block\" id=\"\"><div class=\"ugb-inner-block\"><div class=\"ugb-block-content\"><div class=\"ugb-column__item ugb-613e2d2-column-wrapper\"><div class=\"ugb-column__content-wrapper\">\n<figure class=\"wp-block-embed-youtube wp-block-embed is-type-video is-provider-youtube wp-embed-aspect-16-9 wp-has-aspect-ratio\"><div class=\"wp-block-embed__wrapper\">\n<span class=\"embed-youtube\" style=\"text-align:center; display: block;\"><iframe loading=\"lazy\" class=\"youtube-player\" width=\"843\" height=\"475\" src=\"https:\/\/www.youtube.com\/embed\/XM9UXYSx8Ok?version=3&#038;rel=1&#038;showsearch=0&#038;showinfo=1&#038;iv_load_policy=1&#038;fs=1&#038;hl=fr-FR&#038;autohide=2&#038;wmode=transparent\" allowfullscreen=\"true\" style=\"border:0;\" sandbox=\"allow-scripts allow-same-origin allow-popups allow-presentation allow-popups-to-escape-sandbox\"><\/iframe><\/span>\n<\/div><\/figure>\n<\/div><\/div><\/div><\/div><\/div>\n\n\n\n<div class=\"wp-block-ugb-column ugb-column ugb-d41614c ugb-column--design-plain ugb-main-block\" id=\"\"><div class=\"ugb-inner-block\"><div class=\"ugb-block-content\"><div class=\"ugb-column__item ugb-d41614c-column-wrapper\"><div class=\"ugb-column__content-wrapper\"><\/div><\/div><\/div><\/div><\/div>\n<\/div><\/div><\/div><\/div>\n\n\n<p style=\"text-align: left; padding-left: 200px;\" align=\"justify\"><em>Tout est affaire de d\u00e9cor<\/em><br \/><em> Changer de lit changer de corps<\/em><br \/><em> \u00c0 quoi bon puisque c&rsquo;est encore<\/em><br \/><em> Moi qui moi-m\u00eame me trahis<\/em><br \/><em> Moi qui me tra\u00eene et m&rsquo;\u00e9parpille<\/em><br \/><em> Et mon ombre se d\u00e9shabille<\/em><br \/><em> Dans les bras semblables des filles<\/em><br \/><em> O\u00f9 j&rsquo;ai cru trouver un pays.<\/em><\/p>\n<p style=\"text-align: left; padding-left: 200px;\" align=\"justify\"><em>Coeur l\u00e9ger coeur changeant coeur lourd<\/em><br \/><em> Le temps de r\u00eaver est bien court<\/em><br \/><em> Que faut-il faire de mes jours<\/em><br \/><em> Que faut-il faire de mes nuits<\/em><br \/><em> Je n&rsquo;avais amour ni demeure<\/em><br \/><em> Nulle part o\u00f9 je vive ou meure<\/em><br \/><em> Je passais comme la rumeur<\/em><br \/><em> Je m&rsquo;endormais comme le bruit.<\/em><\/p>\n<p style=\"text-align: left; padding-left: 200px;\" align=\"justify\"><em>C&rsquo;\u00e9tait un temps d\u00e9raisonnable<\/em><br \/><em> On avait mis les morts \u00e0 table<\/em><br \/><em> On faisait des ch\u00e2teaux de sable<\/em><br \/><em> On prenait les loups pour des chiens<\/em><br \/><em> Tout changeait de p\u00f4le et d&rsquo;\u00e9paule<\/em><br \/><em> La pi\u00e8ce \u00e9tait-elle ou non dr\u00f4le<\/em><br \/><em> Moi si j&rsquo;y tenais mal mon r\u00f4le<\/em><br \/><em> C&rsquo;\u00e9tait de n&rsquo;y comprendre rien<\/em><\/p>\n<p style=\"text-align: left; padding-left: 200px;\" align=\"justify\"><em>Est-ce ainsi que les hommes vivent<\/em><br \/><em> Et leurs baisers au loin les suivent<\/em><\/p>\n<p style=\"text-align: left; padding-left: 200px;\" align=\"justify\"><em>Dans le quartier Hohenzollern<\/em><br \/><em> Entre La Sarre et les casernes<\/em><br \/><em> Comme les fleurs de la luzerne<\/em><br \/><em> Fleurissaient les seins de Lola<\/em><br \/><em> Elle avait un coeur d&rsquo;hirondelle<\/em><br \/><em> Sur le canap\u00e9 du bordel<\/em><br \/><em> Je venais m&rsquo;allonger pr\u00e8s d&rsquo;elle<\/em><br \/><em> Dans les hoquets du pianola.<\/em><\/p>\n<p style=\"text-align: left; padding-left: 200px;\" align=\"justify\"><em>Le ciel \u00e9tait gris de nuages<\/em><br \/><em> Il y volait des oies sauvages<\/em><br \/><em> Qui criaient la mort au passage<\/em><br \/><em> Au-dessus des maisons des quais<\/em><br \/><em> Je les voyais par la fen\u00eatre<\/em><br \/><em> Leur chant triste entrait dans mon \u00eatre<\/em><br \/><em> Et je croyais y reconna\u00eetre<\/em><br \/><em> Du Rainer Maria Rilke.<\/em><\/p>\n<p style=\"text-align: left; padding-left: 200px;\" align=\"justify\"><em>Est-ce ainsi que les hommes vivent<\/em><br \/><em> Et leurs baisers au loin les suivent.<\/em><\/p>\n<p style=\"text-align: left; padding-left: 200px;\" align=\"justify\"><em>Elle \u00e9tait brune elle \u00e9tait blanche<\/em><br \/><em> Ses cheveux tombaient sur ses hanches<\/em><br \/><em> Et la semaine et le dimanche<\/em><br \/><em> Elle ouvrait \u00e0 tous ses bras nus<\/em><br \/><em> Elle avait des yeux de fa\u00efence<\/em><br \/><em> Elle travaillait avec vaillance<\/em><br \/><em> Pour un artilleur de Mayence<\/em><br \/><em> Qui n&rsquo;en est jamais revenu.<\/em><\/p>\n<p style=\"text-align: left; padding-left: 200px;\" align=\"justify\"><em>Il est d&rsquo;autres soldats en ville<\/em><br \/><em> Et la nuit montent les civils<\/em><br \/><em> Remets du rimmel \u00e0 tes cils<\/em><br \/><em> Lola qui t&rsquo;en iras bient\u00f4t<\/em><br \/><em> Encore un verre de liqueur<\/em><br \/><em> Ce fut en avril \u00e0 cinq heures<\/em><br \/><em> Au petit jour que dans ton coeur<\/em><br \/><em> Un dragon plongea son couteau<\/em><\/p>\n<p style=\"text-align: left; padding-left: 200px;\" align=\"justify\"><em>Est-ce ainsi que les hommes vivent<\/em><br \/><em> Et leurs baisers au loin les suivent.<\/em><\/p>\n<p style=\"text-align: left; padding-left: 200px;\" align=\"justify\"><em>Comme des soleils r\u00e9volus.<\/em><\/p>\n<p style=\"text-align: center; padding-left: 200px;\" align=\"justify\">Aragon &#8211; Ferr\u00e9 &#8211; Lavilliers<\/p>","protected":false},"excerpt":{"rendered":"<p>Tout est affaire de d\u00e9cor Changer de lit changer de corps \u00c0 quoi bon puisque c&rsquo;est encore Moi qui moi-m\u00eame me trahis Moi qui me&hellip;<\/p>\n","protected":false},"author":1,"featured_media":0,"parent":0,"menu_order":0,"comment_status":"closed","ping_status":"closed","template":"","meta":{"_uag_custom_page_level_css":"","_lmt_disableupdate":"no","_lmt_disable":"","h5ap_radio_sources":[],"jetpack_post_was_ever_published":false,"footnotes":""},"class_list":["post-273563","page","type-page","status-publish","hentry"],"featured_image_urls_v2":{"full":"","thumbnail":"","medium":"","medium_large":"","large":"","gs-tiny":"","xl":"","xxl":"","xxxl":"","xxxxl":"","xxxxxl":"","1536x1536":"","2048x2048":"","mailpoet_newsletter_max":""},"post_excerpt_stackable_v2":"<p>Tout est affaire de d\u00e9cor Changer de lit changer de corps \u00c0 quoi bon puisque c&rsquo;est encore Moi qui moi-m\u00eame me trahis Moi qui me tra\u00eene et m&rsquo;\u00e9parpille Et mon ombre se d\u00e9shabille Dans les bras semblables des filles O\u00f9 j&rsquo;ai cru trouver un pays. Coeur l\u00e9ger coeur changeant coeur lourd Le temps de r\u00eaver est bien court Que faut-il faire de mes jours Que faut-il faire de mes nuits Je n&rsquo;avais amour ni demeure Nulle part o\u00f9 je vive ou meure Je passais comme la rumeur Je m&rsquo;endormais comme le bruit. C&rsquo;\u00e9tait un temps d\u00e9raisonnable On avait mis les\u2026<\/p>\n","category_list_v2":"","author_info_v2":{"name":"Andr\u00e9","url":"https:\/\/asimon.eu\/blog\/author\/andre\/"},"comments_num_v2":"0 commentaire","yoast_head":"<!-- This site is optimized with the Yoast SEO plugin v27.4 - https:\/\/yoast.com\/product\/yoast-seo-wordpress\/ -->\n<title>Est-ce ainsi que les hommes vivent ? - Cemondeblog<\/title>\n<meta name=\"robots\" content=\"index, follow, max-snippet:-1, max-image-preview:large, max-video-preview:-1\" \/>\n<link rel=\"canonical\" href=\"https:\/\/asimon.eu\/blog\/est-ce-ainsi-que-les-hommes-vivent\/\" \/>\n<meta property=\"og:locale\" content=\"fr_FR\" \/>\n<meta property=\"og:type\" content=\"article\" \/>\n<meta property=\"og:title\" content=\"Est-ce ainsi que les hommes vivent ? - Cemondeblog\" \/>\n<meta property=\"og:description\" content=\"Tout est affaire de d\u00e9cor Changer de lit changer de corps \u00c0 quoi bon puisque c&rsquo;est encore Moi qui moi-m\u00eame me trahis Moi qui me&hellip;\" \/>\n<meta property=\"og:url\" content=\"https:\/\/asimon.eu\/blog\/est-ce-ainsi-que-les-hommes-vivent\/\" \/>\n<meta property=\"og:site_name\" content=\"Cemondeblog\" \/>\n<meta property=\"article:modified_time\" content=\"2020-06-12T17:35:38+00:00\" \/>\n<meta name=\"twitter:card\" content=\"summary_large_image\" \/>\n<meta name=\"twitter:site\" content=\"@olrik16\" \/>\n<meta name=\"twitter:label1\" content=\"Dur\u00e9e de lecture estim\u00e9e\" \/>\n\t<meta name=\"twitter:data1\" content=\"2 minutes\" \/>\n<script type=\"application\/ld+json\" class=\"yoast-schema-graph\">{\"@context\":\"https:\\\/\\\/schema.org\",\"@graph\":[{\"@type\":\"WebPage\",\"@id\":\"https:\\\/\\\/asimon.eu\\\/blog\\\/est-ce-ainsi-que-les-hommes-vivent\\\/\",\"url\":\"https:\\\/\\\/asimon.eu\\\/blog\\\/est-ce-ainsi-que-les-hommes-vivent\\\/\",\"name\":\"Est-ce ainsi que les hommes vivent ? - Cemondeblog\",\"isPartOf\":{\"@id\":\"https:\\\/\\\/asimon.eu\\\/blog\\\/#website\"},\"datePublished\":\"2016-01-13T17:39:16+00:00\",\"dateModified\":\"2020-06-12T17:35:38+00:00\",\"breadcrumb\":{\"@id\":\"https:\\\/\\\/asimon.eu\\\/blog\\\/est-ce-ainsi-que-les-hommes-vivent\\\/#breadcrumb\"},\"inLanguage\":\"fr-FR\",\"potentialAction\":[{\"@type\":\"ReadAction\",\"target\":[\"https:\\\/\\\/asimon.eu\\\/blog\\\/est-ce-ainsi-que-les-hommes-vivent\\\/\"]}]},{\"@type\":\"BreadcrumbList\",\"@id\":\"https:\\\/\\\/asimon.eu\\\/blog\\\/est-ce-ainsi-que-les-hommes-vivent\\\/#breadcrumb\",\"itemListElement\":[{\"@type\":\"ListItem\",\"position\":1,\"name\":\"Accueil\",\"item\":\"https:\\\/\\\/asimon.eu\\\/blog\\\/\"},{\"@type\":\"ListItem\",\"position\":2,\"name\":\"Est-ce ainsi que les hommes vivent ?\"}]},{\"@type\":\"WebSite\",\"@id\":\"https:\\\/\\\/asimon.eu\\\/blog\\\/#website\",\"url\":\"https:\\\/\\\/asimon.eu\\\/blog\\\/\",\"name\":\"Cemondeblog\",\"description\":\"Ce monde o\u00f9 je vis, o\u00f9 nous vivons.\",\"publisher\":{\"@id\":\"https:\\\/\\\/asimon.eu\\\/blog\\\/#\\\/schema\\\/person\\\/4aef5843155766a51be733fbdace4241\"},\"potentialAction\":[{\"@type\":\"SearchAction\",\"target\":{\"@type\":\"EntryPoint\",\"urlTemplate\":\"https:\\\/\\\/asimon.eu\\\/blog\\\/?s={search_term_string}\"},\"query-input\":{\"@type\":\"PropertyValueSpecification\",\"valueRequired\":true,\"valueName\":\"search_term_string\"}}],\"inLanguage\":\"fr-FR\"},{\"@type\":[\"Person\",\"Organization\"],\"@id\":\"https:\\\/\\\/asimon.eu\\\/blog\\\/#\\\/schema\\\/person\\\/4aef5843155766a51be733fbdace4241\",\"name\":\"Andr\u00e9\",\"image\":{\"@type\":\"ImageObject\",\"inLanguage\":\"fr-FR\",\"@id\":\"https:\\\/\\\/i0.wp.com\\\/asimon.eu\\\/blog\\\/wp-content\\\/uploads\\\/2019\\\/12\\\/cropped-rancheria-14.png?fit=1597%2C422&ssl=1\",\"url\":\"https:\\\/\\\/i0.wp.com\\\/asimon.eu\\\/blog\\\/wp-content\\\/uploads\\\/2019\\\/12\\\/cropped-rancheria-14.png?fit=1597%2C422&ssl=1\",\"contentUrl\":\"https:\\\/\\\/i0.wp.com\\\/asimon.eu\\\/blog\\\/wp-content\\\/uploads\\\/2019\\\/12\\\/cropped-rancheria-14.png?fit=1597%2C422&ssl=1\",\"width\":1597,\"height\":422,\"caption\":\"Andr\u00e9\"},\"logo\":{\"@id\":\"https:\\\/\\\/i0.wp.com\\\/asimon.eu\\\/blog\\\/wp-content\\\/uploads\\\/2019\\\/12\\\/cropped-rancheria-14.png?fit=1597%2C422&ssl=1\"},\"description\":\"Et la vie va ...\",\"sameAs\":[\"https:\\\/\\\/asimon.eu\"]}]}<\/script>\n<!-- \/ Yoast SEO plugin. -->","yoast_head_json":{"title":"Est-ce ainsi que les hommes vivent ? - Cemondeblog","robots":{"index":"index","follow":"follow","max-snippet":"max-snippet:-1","max-image-preview":"max-image-preview:large","max-video-preview":"max-video-preview:-1"},"canonical":"https:\/\/asimon.eu\/blog\/est-ce-ainsi-que-les-hommes-vivent\/","og_locale":"fr_FR","og_type":"article","og_title":"Est-ce ainsi que les hommes vivent ? - Cemondeblog","og_description":"Tout est affaire de d\u00e9cor Changer de lit changer de corps \u00c0 quoi bon puisque c&rsquo;est encore Moi qui moi-m\u00eame me trahis Moi qui me&hellip;","og_url":"https:\/\/asimon.eu\/blog\/est-ce-ainsi-que-les-hommes-vivent\/","og_site_name":"Cemondeblog","article_modified_time":"2020-06-12T17:35:38+00:00","twitter_card":"summary_large_image","twitter_site":"@olrik16","twitter_misc":{"Dur\u00e9e de lecture estim\u00e9e":"2 minutes"},"schema":{"@context":"https:\/\/schema.org","@graph":[{"@type":"WebPage","@id":"https:\/\/asimon.eu\/blog\/est-ce-ainsi-que-les-hommes-vivent\/","url":"https:\/\/asimon.eu\/blog\/est-ce-ainsi-que-les-hommes-vivent\/","name":"Est-ce ainsi que les hommes vivent ? - Cemondeblog","isPartOf":{"@id":"https:\/\/asimon.eu\/blog\/#website"},"datePublished":"2016-01-13T17:39:16+00:00","dateModified":"2020-06-12T17:35:38+00:00","breadcrumb":{"@id":"https:\/\/asimon.eu\/blog\/est-ce-ainsi-que-les-hommes-vivent\/#breadcrumb"},"inLanguage":"fr-FR","potentialAction":[{"@type":"ReadAction","target":["https:\/\/asimon.eu\/blog\/est-ce-ainsi-que-les-hommes-vivent\/"]}]},{"@type":"BreadcrumbList","@id":"https:\/\/asimon.eu\/blog\/est-ce-ainsi-que-les-hommes-vivent\/#breadcrumb","itemListElement":[{"@type":"ListItem","position":1,"name":"Accueil","item":"https:\/\/asimon.eu\/blog\/"},{"@type":"ListItem","position":2,"name":"Est-ce ainsi que les hommes vivent ?"}]},{"@type":"WebSite","@id":"https:\/\/asimon.eu\/blog\/#website","url":"https:\/\/asimon.eu\/blog\/","name":"Cemondeblog","description":"Ce monde o\u00f9 je vis, o\u00f9 nous vivons.","publisher":{"@id":"https:\/\/asimon.eu\/blog\/#\/schema\/person\/4aef5843155766a51be733fbdace4241"},"potentialAction":[{"@type":"SearchAction","target":{"@type":"EntryPoint","urlTemplate":"https:\/\/asimon.eu\/blog\/?s={search_term_string}"},"query-input":{"@type":"PropertyValueSpecification","valueRequired":true,"valueName":"search_term_string"}}],"inLanguage":"fr-FR"},{"@type":["Person","Organization"],"@id":"https:\/\/asimon.eu\/blog\/#\/schema\/person\/4aef5843155766a51be733fbdace4241","name":"Andr\u00e9","image":{"@type":"ImageObject","inLanguage":"fr-FR","@id":"https:\/\/i0.wp.com\/asimon.eu\/blog\/wp-content\/uploads\/2019\/12\/cropped-rancheria-14.png?fit=1597%2C422&ssl=1","url":"https:\/\/i0.wp.com\/asimon.eu\/blog\/wp-content\/uploads\/2019\/12\/cropped-rancheria-14.png?fit=1597%2C422&ssl=1","contentUrl":"https:\/\/i0.wp.com\/asimon.eu\/blog\/wp-content\/uploads\/2019\/12\/cropped-rancheria-14.png?fit=1597%2C422&ssl=1","width":1597,"height":422,"caption":"Andr\u00e9"},"logo":{"@id":"https:\/\/i0.wp.com\/asimon.eu\/blog\/wp-content\/uploads\/2019\/12\/cropped-rancheria-14.png?fit=1597%2C422&ssl=1"},"description":"Et la vie va ...","sameAs":["https:\/\/asimon.eu"]}]}},"uagb_featured_image_src":{"full":false,"thumbnail":false,"medium":false,"medium_large":false,"large":false,"gs-tiny":false,"xl":false,"xxl":false,"xxxl":false,"xxxxl":false,"xxxxxl":false,"1536x1536":false,"2048x2048":false,"mailpoet_newsletter_max":false},"uagb_author_info":{"display_name":"Andr\u00e9","author_link":"https:\/\/asimon.eu\/blog\/author\/andre\/"},"uagb_comment_info":0,"uagb_excerpt":"Tout est affaire de d\u00e9cor Changer de lit changer de corps \u00c0 quoi bon puisque c&rsquo;est encore Moi qui moi-m\u00eame me trahis Moi qui me&hellip;","jetpack-related-posts":[{"id":240,"url":"https:\/\/asimon.eu\/blog\/imagine\/","url_meta":{"origin":273563,"position":0},"title":"Imagine.","author":"Andr\u00e9","date":"13 janvier 2016","format":false,"excerpt":"https:\/\/youtu.be\/VOgFZfRVaww Imagine there's no heaven, It's easy if you try, No hell below us, Above us only sky, Imagine all the people living for today... Imagine there's no countries, It isnt hard to do, Nothing to kill or die for, No religion too, Imagine all the people living life in\u2026","rel":"","context":"Dans \"Chanson\"","block_context":{"text":"Chanson","link":"https:\/\/asimon.eu\/blog\/tag\/chanson\/"},"img":{"alt_text":"","src":"https:\/\/i0.wp.com\/img.youtube.com\/vi\/VOgFZfRVaww\/0.jpg?resize=350%2C200","width":350,"height":200},"classes":[]},{"id":3568,"url":"https:\/\/asimon.eu\/blog\/la-quete\/","url_meta":{"origin":273563,"position":1},"title":"La Qu\u00eate","author":"Andr\u00e9","date":"20 janvier 2017","format":false,"excerpt":"https:\/\/youtu.be\/DCO7pCEdxTA?list=PLVUhqPbWyCOBTMdPKq32mGqBHiGt8hPGR R\u00eaver un impossible r\u00eavePorter le chagrin des d\u00e9partsBr\u00fbler d'une possible fi\u00e8vrePartir o\u00f9 personne ne part Aimer jusqu'\u00e0 la d\u00e9chirureAimer, m\u00eame trop, m\u00eame mal,Tenter, sans force et sans armure,D'atteindre l'inaccessible \u00e9toile Telle est ma qu\u00eate,Suivre l'\u00e9toilePeu m'importent mes chancesPeu m'importe le tempsOu ma d\u00e9sesp\u00e9ranceEt puis lutter toujoursSans questions ni reposSe\u2026","rel":"","context":"Dans \"Paroles\"","block_context":{"text":"Paroles","link":"https:\/\/asimon.eu\/blog\/tag\/paroles\/"},"img":{"alt_text":"","src":"https:\/\/i0.wp.com\/img.youtube.com\/vi\/PLVUhqPbWyCOBTMdPKq32mGqBHiGt8hPGR\/0.jpg?resize=350%2C200","width":350,"height":200},"classes":[]},{"id":3565,"url":"https:\/\/asimon.eu\/blog\/lhomme-de-la-mancha\/","url_meta":{"origin":273563,"position":2},"title":"L&rsquo;Homme de la Mancha","author":"Andr\u00e9","date":"20 janvier 2017","format":false,"excerpt":"https:\/\/youtu.be\/tv6P567IGas \u00c9coute-moiPauvre monde, insupportable mondeC'en est trop, tu es tomb\u00e9 trop basTu es trop gris, tu es trop laidAbominable monde, \u00e9coute-moiUn chevalier te d\u00e9fie. Oui c'est moi, Don QuichotteSeigneur de la ManchaPour toujours au service de l'honneurCar j'ai l'honneur d'\u00eatre moiDon Quichotte sans peurEt le vent de l'histoire chante en\u2026","rel":"","context":"Dans \"gris\"","block_context":{"text":"gris","link":"https:\/\/asimon.eu\/blog\/tag\/gris\/"},"img":{"alt_text":"","src":"https:\/\/i0.wp.com\/img.youtube.com\/vi\/tv6P567IGas\/0.jpg?resize=350%2C200","width":350,"height":200},"classes":[]},{"id":273566,"url":"https:\/\/asimon.eu\/blog\/te-quiero\/","url_meta":{"origin":273563,"position":3},"title":"Te quiero","author":"Andr\u00e9","date":"22 janvier 2016","format":false,"excerpt":"https:\/\/youtu.be\/q_JiHvs4dSM Tus manos son mi cariciamis acordes cotidianoste quiero porque tus manostrabajan por la justicia si te quiero es porque sosmi amor mi c\u00f3mplice y todoy en la calle codo a codosomos mucho m\u00e1s que dos tus ojos son mi conjurocontra la mala jornadate quiero por tu miradaque mira y\u2026","rel":"","context":"Dans \"Chanson\"","block_context":{"text":"Chanson","link":"https:\/\/asimon.eu\/blog\/tag\/chanson\/"},"img":{"alt_text":"","src":"https:\/\/i0.wp.com\/img.youtube.com\/vi\/q_JiHvs4dSM\/0.jpg?resize=350%2C200","width":350,"height":200},"classes":[]},{"id":273564,"url":"https:\/\/asimon.eu\/blog\/quand-les-hommes-vivront-damour\/","url_meta":{"origin":273563,"position":4},"title":"Quand les hommes vivront d&rsquo;amour.","author":"Andr\u00e9","date":"13 janvier 2016","format":false,"excerpt":"https:\/\/youtu.be\/EspK03oWGN0 Quand les hommes vivront d'amourIl n'y aura plus de mis\u00e8reEt commenceront les beaux joursMais nous nous serons morts mon fr\u00e8reQuand les hommes vivront d'amourCe sera la paix sur la terreLes soldats seront troubadoursMais nous nous serons morts mon fr\u00e8re Dans la grand' cha\u00eene de la vieO\u00f9 il fallait que\u2026","rel":"","context":"Dans \"amour\"","block_context":{"text":"amour","link":"https:\/\/asimon.eu\/blog\/tag\/amour\/"},"img":{"alt_text":"","src":"https:\/\/i0.wp.com\/img.youtube.com\/vi\/EspK03oWGN0\/0.jpg?resize=350%2C200","width":350,"height":200},"classes":[]},{"id":273565,"url":"https:\/\/asimon.eu\/blog\/page-decriture\/","url_meta":{"origin":273563,"position":5},"title":"Page d&rsquo;\u00e9criture","author":"Andr\u00e9","date":"20 janvier 2016","format":false,"excerpt":"https:\/\/youtu.be\/Shs2H9u6wak Deux et deux quatrequatre et quatre huithuit et huit font seize...R\u00e9p\u00e9tez ! dit le ma\u00eetreDeux et deux quatrequatre et quatre huithuit et huit font seize.Mais voil\u00e0 l\u2019oiseau-lyrequi passe dans le ciell\u2019enfant le voitl\u2019enfant l\u2019entendl\u2019enfant l\u2019appelle :Sauve-moijoue avec moioiseau !Alors l\u2019oiseau descendet joue avec l\u2019enfantDeux et deux quatre...R\u00e9p\u00e9tez ! dit\u2026","rel":"","context":"Dans \"Chanson\"","block_context":{"text":"Chanson","link":"https:\/\/asimon.eu\/blog\/tag\/chanson\/"},"img":{"alt_text":"","src":"https:\/\/i0.wp.com\/img.youtube.com\/vi\/Shs2H9u6wak\/0.jpg?resize=350%2C200","width":350,"height":200},"classes":[]}],"jetpack_shortlink":"https:\/\/wp.me\/P9rk1P-19aj","jetpack_sharing_enabled":true,"jetpack_likes_enabled":true,"_links":{"self":[{"href":"https:\/\/asimon.eu\/blog\/wp-json\/wp\/v2\/pages\/273563","targetHints":{"allow":["GET"]}}],"collection":[{"href":"https:\/\/asimon.eu\/blog\/wp-json\/wp\/v2\/pages"}],"about":[{"href":"https:\/\/asimon.eu\/blog\/wp-json\/wp\/v2\/types\/page"}],"author":[{"embeddable":true,"href":"https:\/\/asimon.eu\/blog\/wp-json\/wp\/v2\/users\/1"}],"replies":[{"embeddable":true,"href":"https:\/\/asimon.eu\/blog\/wp-json\/wp\/v2\/comments?post=273563"}],"version-history":[{"count":1,"href":"https:\/\/asimon.eu\/blog\/wp-json\/wp\/v2\/pages\/273563\/revisions"}],"predecessor-version":[{"id":476128,"href":"https:\/\/asimon.eu\/blog\/wp-json\/wp\/v2\/pages\/273563\/revisions\/476128"}],"wp:attachment":[{"href":"https:\/\/asimon.eu\/blog\/wp-json\/wp\/v2\/media?parent=273563"}],"curies":[{"name":"wp","href":"https:\/\/api.w.org\/{rel}","templated":true}]}}