{"id":591,"date":"2016-01-28T15:29:01","date_gmt":"2016-01-28T14:29:01","guid":{"rendered":"https:\/\/cemondeblog.wordpress.com\/?page_id=591"},"modified":"2020-06-12T19:21:59","modified_gmt":"2020-06-12T17:21:59","slug":"ecrire-pour-ne-pas-mourir","status":"publish","type":"page","link":"https:\/\/asimon.eu\/blog\/ecrire-pour-ne-pas-mourir\/","title":{"rendered":"\u00c9crire pour ne pas mourir"},"content":{"rendered":"\n<div class=\"wp-block-ugb-columns ugb-columns ugb-1a354f4 ugb-columns--design-plain ugb-columns--columns-3 ugb-main-block\" id=\"\"><style>.ugb-1a354f4 > .ugb-inner-block > .ugb-block-content > .ugb-columns__item{grid-template-columns:0.42fr 2.16fr 0.42fr !important}<\/style><div class=\"ugb-inner-block\"><div class=\"ugb-block-content\"><div class=\"ugb-columns__item ugb-1a354f4-content-wrapper\">\n<div class=\"wp-block-ugb-column ugb-column ugb-4b49bf2 ugb-column--design-plain ugb-main-block\" id=\"\"><div class=\"ugb-inner-block\"><div class=\"ugb-block-content\"><div class=\"ugb-column__item ugb-4b49bf2-column-wrapper\"><div class=\"ugb-column__content-wrapper\"><\/div><\/div><\/div><\/div><\/div>\n\n\n\n<div class=\"wp-block-ugb-column ugb-column ugb-32e87fd ugb-column--design-plain ugb-main-block\" id=\"\"><div class=\"ugb-inner-block\"><div class=\"ugb-block-content\"><div class=\"ugb-column__item ugb-32e87fd-column-wrapper\"><div class=\"ugb-column__content-wrapper\">\n<figure class=\"wp-block-embed-youtube wp-block-embed is-type-video is-provider-youtube wp-embed-aspect-4-3 wp-has-aspect-ratio\"><div class=\"wp-block-embed__wrapper\">\n<span class=\"embed-youtube\" style=\"text-align:center; display: block;\"><iframe loading=\"lazy\" class=\"youtube-player\" width=\"843\" height=\"475\" src=\"https:\/\/www.youtube.com\/embed\/hdjXzp0-IoQ?version=3&#038;rel=1&#038;showsearch=0&#038;showinfo=1&#038;iv_load_policy=1&#038;fs=1&#038;hl=fr-FR&#038;autohide=2&#038;wmode=transparent\" allowfullscreen=\"true\" style=\"border:0;\" sandbox=\"allow-scripts allow-same-origin allow-popups allow-presentation allow-popups-to-escape-sandbox\"><\/iframe><\/span>\n<\/div><\/figure>\n\n\n<\/div><\/div><\/div><\/div><\/div>\n\n\n\n<div class=\"wp-block-ugb-column ugb-column ugb-ee31251 ugb-column--design-plain ugb-main-block\" id=\"\"><div class=\"ugb-inner-block\"><div class=\"ugb-block-content\"><div class=\"ugb-column__item ugb-ee31251-column-wrapper\"><div class=\"ugb-column__content-wrapper\"><\/div><\/div><\/div><\/div><\/div>\n<\/div><\/div><\/div><\/div>\n\n\n<div class=\"song-text\" style=\"padding-left: 200px;\"><em>Que je sois n\u00e9e d&rsquo;hier ou d&rsquo;avant le d\u00e9luge,<\/em><br \/><em> j&rsquo;ai souvent l&rsquo;impression de tout recommencer.<\/em><br \/><em> Quand j&rsquo;ai pris ma revanche ou bien trouv\u00e9 refuge,<\/em><br \/><em> dans mes chansons, toujours, j&rsquo;ai voulu exister.<\/em><br \/><em> Que vous sachiez de moi ce que j&rsquo;en veux bien dire,<\/em><br \/><em> que vous soyez fid\u00e8les ou bien simples passants<\/em><br \/><em> et que nous en soyons justes au premier sourire,<\/em><br \/><em> sachez ce qui, pour moi, est le plus important,<\/em><br \/><em> est le plus important.<\/em><\/div>\n<div class=\"song-text\" style=\"padding-left: 200px;\"><em>Ecrire pour ne pas mourir,<\/em><br \/><em> \u00e9crire, sagesse ou d\u00e9lire,<\/em><br \/><em> \u00e9crire pour tenter de dire,<\/em><br \/><em> dire tout ce qui m&rsquo;a bless\u00e9e,<\/em><br \/><em> dire tout ce qui m&rsquo;a sauv\u00e9e,<\/em><br \/><em> \u00e9crire et me d\u00e9barrasser.<\/em><br \/><em> Ecrire pour ne pas sombrer,<\/em><br \/><em> \u00e9crire, au lieu de tournoyer,<\/em><br \/><em> \u00e9crire et ne jamais pleurer,<\/em><br \/><em> rien que des larmes de stylo<\/em><br \/><em> qui viennent se changer en mots<\/em><br \/><em> pour me tenir le coeur au chaud.<\/em><br \/><em> Que je vive cent ans ou bien quelques d\u00e9cades,<\/em><br \/><em> je ne supporte pas de voir le temps passer.<\/em><br \/><em> On arpente sa vie au pas de promenade<\/em><br \/><em> et puis on s&rsquo;aper\u00e7oit qu&rsquo;il faudra se presser.<\/em><\/div>\n<div class=\"song-text\" style=\"padding-left: 200px;\"><em>Que vous soyez tranquilles ou bien plein d&rsquo;inqui\u00e9tude,<\/em><br \/><em> ce que je vais vous dire, vous le comprendrez :<\/em><br \/><em> En mettant bout \u00e0 bout toutes nos solitudes,<\/em><br \/><em> on pourrait se sentir un peu moins effray\u00e9s,<\/em><br \/><em> un peu moins effray\u00e9s.<\/em>\n<p style=\"text-align: left;\"><em>Ecrire pour ne pas mourir,<\/em><br \/><em> \u00e9crire, tendresse ou plaisir,<\/em><br \/><em> \u00e9crire pour tenter de dire,<\/em><br \/><em> dire tout ce que j&rsquo;ai compris,<\/em><\/p>\n<p style=\"text-align: left;\"><em>dire l&rsquo;amour et le m\u00e9pris,<\/em><br \/><em> \u00e9crire, me sauver de l&rsquo;oubli.<\/em><br \/><em> Ecrire pour tout raconter,<\/em><br \/><em> \u00e9crire au lieu de regretter,<\/em><br \/><em> \u00e9crire et ne rien oublier,<\/em><br \/><em> et m\u00eame inventer quelques r\u00eaves<\/em><br \/><em> de ceux qui emp\u00eachent qu&rsquo;on cr\u00e8ve<\/em><br \/><em> lorsque l&rsquo;\u00e9criture, un jour, s&rsquo;ach\u00e8ve&#8230;<\/em><\/p>\n<p style=\"text-align: left;\"><em>En m&rsquo;\u00e9coutant, passant, d&rsquo;une oreille distraite,<\/em><br \/><em> qu&rsquo;on ait l&rsquo;impression de trop me ressembler,<\/em><br \/><em> je voudrais que ces mots qui me sont une f\u00eate,<\/em><br \/><em> on ne se d\u00e9p\u00eache pas d&rsquo;aller les oublier.<\/em><\/p>\n<p style=\"text-align: left;\"><em>Et que vous soyez critiques ou plein de bienveillance,<\/em><br \/><em> je ne recherche pas toujours ce qui vous plait.<\/em><br \/><em> Quand je soigne mes mots, c&rsquo;est \u00e0 moi que je pense.<\/em><br \/><em> Je me regardais sans honte et sans regrets,<\/em><br \/><em> sans honte et sans regrets.<\/em><\/p>\n<p style=\"text-align: left;\"><em>Ecrire pour ne pas mourir,<\/em><br \/><em> \u00e9crire, grimacer, sourire,<\/em><br \/><em> \u00e9crire et ne pas me d\u00e9dire,<\/em><br \/><em> \u00e9crire ce que je n&rsquo;ai su faire,<\/em><br \/><em> dire pour ne pas me d\u00e9faire,<\/em><br \/><em> \u00e9crire, habiller ma col\u00e8re.<\/em><br \/><em> Ecrire pour \u00eatre \u00e9go\u00efste,<\/em><br \/><em> \u00e9crire ce qui me r\u00e9siste,<\/em><br \/><em> \u00e9crire et ne pas vivre triste<\/em><br \/><em> et me dissoudre dans les mots<\/em><br \/><em> qui soient ma joie et mon repos.<\/em><br \/><em> Ecrire et ne pas me foutre \u00e0 l&rsquo;eau.<\/em><\/p>\n<p style=\"text-align: left;\"><em>Et me dissoudre dans les mots<\/em><br \/><em> qui soient ma joie et mon repos.<\/em><br \/><em> Ecrire et pas me foutre \u00e0 l&rsquo;eau.<\/em><\/p>\n<p style=\"text-align: left;\"><em>Ecrire pour ne pas mourir,<\/em><br \/><em> pour ne pas mourir.<\/em><\/p>\n<\/div>\n<p style=\"text-align: center;\">Anne Sylvestre<\/p>","protected":false},"excerpt":{"rendered":"<p>Que je sois n\u00e9e d&rsquo;hier ou d&rsquo;avant le d\u00e9luge, j&rsquo;ai souvent l&rsquo;impression de tout recommencer. Quand j&rsquo;ai pris ma revanche ou bien trouv\u00e9 refuge, dans&hellip;<\/p>\n","protected":false},"author":1,"featured_media":0,"parent":0,"menu_order":0,"comment_status":"open","ping_status":"closed","template":"","meta":{"_uag_custom_page_level_css":"","_lmt_disableupdate":"no","_lmt_disable":"","h5ap_radio_sources":[],"jetpack_post_was_ever_published":false,"footnotes":""},"class_list":["post-591","page","type-page","status-publish","hentry"],"featured_image_urls_v2":{"full":"","thumbnail":"","medium":"","medium_large":"","large":"","gs-tiny":"","xl":"","xxl":"","xxxl":"","xxxxl":"","xxxxxl":"","1536x1536":"","2048x2048":"","mailpoet_newsletter_max":""},"post_excerpt_stackable_v2":"<p>Que je sois n\u00e9e d&rsquo;hier ou d&rsquo;avant le d\u00e9luge, j&rsquo;ai souvent l&rsquo;impression de tout recommencer. Quand j&rsquo;ai pris ma revanche ou bien trouv\u00e9 refuge, dans mes chansons, toujours, j&rsquo;ai voulu exister. Que vous sachiez de moi ce que j&rsquo;en veux bien dire, que vous soyez fid\u00e8les ou bien simples passants et que nous en soyons justes au premier sourire, sachez ce qui, pour moi, est le plus important, est le plus important. Ecrire pour ne pas mourir, \u00e9crire, sagesse ou d\u00e9lire, \u00e9crire pour tenter de dire, dire tout ce qui m&rsquo;a bless\u00e9e, dire tout ce qui m&rsquo;a sauv\u00e9e, \u00e9crire et\u2026<\/p>\n","category_list_v2":"","author_info_v2":{"name":"Andr\u00e9","url":"https:\/\/asimon.eu\/blog\/author\/andre\/"},"comments_num_v2":"1 commentaire","yoast_head":"<!-- This site is optimized with the Yoast SEO plugin v27.4 - https:\/\/yoast.com\/product\/yoast-seo-wordpress\/ -->\n<title>\u00c9crire pour ne pas mourir - Cemondeblog<\/title>\n<meta name=\"robots\" content=\"index, follow, max-snippet:-1, max-image-preview:large, max-video-preview:-1\" \/>\n<link rel=\"canonical\" href=\"https:\/\/asimon.eu\/blog\/ecrire-pour-ne-pas-mourir\/\" \/>\n<meta property=\"og:locale\" content=\"fr_FR\" \/>\n<meta property=\"og:type\" content=\"article\" \/>\n<meta property=\"og:title\" content=\"\u00c9crire pour ne pas mourir - Cemondeblog\" \/>\n<meta property=\"og:description\" content=\"Que je sois n\u00e9e d&rsquo;hier ou d&rsquo;avant le d\u00e9luge, j&rsquo;ai souvent l&rsquo;impression de tout recommencer. Quand j&rsquo;ai pris ma revanche ou bien trouv\u00e9 refuge, dans&hellip;\" \/>\n<meta property=\"og:url\" content=\"https:\/\/asimon.eu\/blog\/ecrire-pour-ne-pas-mourir\/\" \/>\n<meta property=\"og:site_name\" content=\"Cemondeblog\" \/>\n<meta property=\"article:modified_time\" content=\"2020-06-12T17:21:59+00:00\" \/>\n<meta name=\"twitter:card\" content=\"summary_large_image\" \/>\n<meta name=\"twitter:site\" content=\"@olrik16\" \/>\n<meta name=\"twitter:label1\" content=\"Dur\u00e9e de lecture estim\u00e9e\" \/>\n\t<meta name=\"twitter:data1\" content=\"2 minutes\" \/>\n<script type=\"application\/ld+json\" class=\"yoast-schema-graph\">{\"@context\":\"https:\\\/\\\/schema.org\",\"@graph\":[{\"@type\":\"WebPage\",\"@id\":\"https:\\\/\\\/asimon.eu\\\/blog\\\/ecrire-pour-ne-pas-mourir\\\/\",\"url\":\"https:\\\/\\\/asimon.eu\\\/blog\\\/ecrire-pour-ne-pas-mourir\\\/\",\"name\":\"\u00c9crire pour ne pas mourir - Cemondeblog\",\"isPartOf\":{\"@id\":\"https:\\\/\\\/asimon.eu\\\/blog\\\/#website\"},\"datePublished\":\"2016-01-28T14:29:01+00:00\",\"dateModified\":\"2020-06-12T17:21:59+00:00\",\"breadcrumb\":{\"@id\":\"https:\\\/\\\/asimon.eu\\\/blog\\\/ecrire-pour-ne-pas-mourir\\\/#breadcrumb\"},\"inLanguage\":\"fr-FR\",\"potentialAction\":[{\"@type\":\"ReadAction\",\"target\":[\"https:\\\/\\\/asimon.eu\\\/blog\\\/ecrire-pour-ne-pas-mourir\\\/\"]}]},{\"@type\":\"BreadcrumbList\",\"@id\":\"https:\\\/\\\/asimon.eu\\\/blog\\\/ecrire-pour-ne-pas-mourir\\\/#breadcrumb\",\"itemListElement\":[{\"@type\":\"ListItem\",\"position\":1,\"name\":\"Accueil\",\"item\":\"https:\\\/\\\/asimon.eu\\\/blog\\\/\"},{\"@type\":\"ListItem\",\"position\":2,\"name\":\"\u00c9crire pour ne pas mourir\"}]},{\"@type\":\"WebSite\",\"@id\":\"https:\\\/\\\/asimon.eu\\\/blog\\\/#website\",\"url\":\"https:\\\/\\\/asimon.eu\\\/blog\\\/\",\"name\":\"Cemondeblog\",\"description\":\"Ce monde o\u00f9 je vis, o\u00f9 nous vivons.\",\"publisher\":{\"@id\":\"https:\\\/\\\/asimon.eu\\\/blog\\\/#\\\/schema\\\/person\\\/4aef5843155766a51be733fbdace4241\"},\"potentialAction\":[{\"@type\":\"SearchAction\",\"target\":{\"@type\":\"EntryPoint\",\"urlTemplate\":\"https:\\\/\\\/asimon.eu\\\/blog\\\/?s={search_term_string}\"},\"query-input\":{\"@type\":\"PropertyValueSpecification\",\"valueRequired\":true,\"valueName\":\"search_term_string\"}}],\"inLanguage\":\"fr-FR\"},{\"@type\":[\"Person\",\"Organization\"],\"@id\":\"https:\\\/\\\/asimon.eu\\\/blog\\\/#\\\/schema\\\/person\\\/4aef5843155766a51be733fbdace4241\",\"name\":\"Andr\u00e9\",\"image\":{\"@type\":\"ImageObject\",\"inLanguage\":\"fr-FR\",\"@id\":\"https:\\\/\\\/i0.wp.com\\\/asimon.eu\\\/blog\\\/wp-content\\\/uploads\\\/2019\\\/12\\\/cropped-rancheria-14.png?fit=1597%2C422&ssl=1\",\"url\":\"https:\\\/\\\/i0.wp.com\\\/asimon.eu\\\/blog\\\/wp-content\\\/uploads\\\/2019\\\/12\\\/cropped-rancheria-14.png?fit=1597%2C422&ssl=1\",\"contentUrl\":\"https:\\\/\\\/i0.wp.com\\\/asimon.eu\\\/blog\\\/wp-content\\\/uploads\\\/2019\\\/12\\\/cropped-rancheria-14.png?fit=1597%2C422&ssl=1\",\"width\":1597,\"height\":422,\"caption\":\"Andr\u00e9\"},\"logo\":{\"@id\":\"https:\\\/\\\/i0.wp.com\\\/asimon.eu\\\/blog\\\/wp-content\\\/uploads\\\/2019\\\/12\\\/cropped-rancheria-14.png?fit=1597%2C422&ssl=1\"},\"description\":\"Et la vie va ...\",\"sameAs\":[\"https:\\\/\\\/asimon.eu\"]}]}<\/script>\n<!-- \/ Yoast SEO plugin. -->","yoast_head_json":{"title":"\u00c9crire pour ne pas mourir - Cemondeblog","robots":{"index":"index","follow":"follow","max-snippet":"max-snippet:-1","max-image-preview":"max-image-preview:large","max-video-preview":"max-video-preview:-1"},"canonical":"https:\/\/asimon.eu\/blog\/ecrire-pour-ne-pas-mourir\/","og_locale":"fr_FR","og_type":"article","og_title":"\u00c9crire pour ne pas mourir - Cemondeblog","og_description":"Que je sois n\u00e9e d&rsquo;hier ou d&rsquo;avant le d\u00e9luge, j&rsquo;ai souvent l&rsquo;impression de tout recommencer. Quand j&rsquo;ai pris ma revanche ou bien trouv\u00e9 refuge, dans&hellip;","og_url":"https:\/\/asimon.eu\/blog\/ecrire-pour-ne-pas-mourir\/","og_site_name":"Cemondeblog","article_modified_time":"2020-06-12T17:21:59+00:00","twitter_card":"summary_large_image","twitter_site":"@olrik16","twitter_misc":{"Dur\u00e9e de lecture estim\u00e9e":"2 minutes"},"schema":{"@context":"https:\/\/schema.org","@graph":[{"@type":"WebPage","@id":"https:\/\/asimon.eu\/blog\/ecrire-pour-ne-pas-mourir\/","url":"https:\/\/asimon.eu\/blog\/ecrire-pour-ne-pas-mourir\/","name":"\u00c9crire pour ne pas mourir - Cemondeblog","isPartOf":{"@id":"https:\/\/asimon.eu\/blog\/#website"},"datePublished":"2016-01-28T14:29:01+00:00","dateModified":"2020-06-12T17:21:59+00:00","breadcrumb":{"@id":"https:\/\/asimon.eu\/blog\/ecrire-pour-ne-pas-mourir\/#breadcrumb"},"inLanguage":"fr-FR","potentialAction":[{"@type":"ReadAction","target":["https:\/\/asimon.eu\/blog\/ecrire-pour-ne-pas-mourir\/"]}]},{"@type":"BreadcrumbList","@id":"https:\/\/asimon.eu\/blog\/ecrire-pour-ne-pas-mourir\/#breadcrumb","itemListElement":[{"@type":"ListItem","position":1,"name":"Accueil","item":"https:\/\/asimon.eu\/blog\/"},{"@type":"ListItem","position":2,"name":"\u00c9crire pour ne pas mourir"}]},{"@type":"WebSite","@id":"https:\/\/asimon.eu\/blog\/#website","url":"https:\/\/asimon.eu\/blog\/","name":"Cemondeblog","description":"Ce monde o\u00f9 je vis, o\u00f9 nous vivons.","publisher":{"@id":"https:\/\/asimon.eu\/blog\/#\/schema\/person\/4aef5843155766a51be733fbdace4241"},"potentialAction":[{"@type":"SearchAction","target":{"@type":"EntryPoint","urlTemplate":"https:\/\/asimon.eu\/blog\/?s={search_term_string}"},"query-input":{"@type":"PropertyValueSpecification","valueRequired":true,"valueName":"search_term_string"}}],"inLanguage":"fr-FR"},{"@type":["Person","Organization"],"@id":"https:\/\/asimon.eu\/blog\/#\/schema\/person\/4aef5843155766a51be733fbdace4241","name":"Andr\u00e9","image":{"@type":"ImageObject","inLanguage":"fr-FR","@id":"https:\/\/i0.wp.com\/asimon.eu\/blog\/wp-content\/uploads\/2019\/12\/cropped-rancheria-14.png?fit=1597%2C422&ssl=1","url":"https:\/\/i0.wp.com\/asimon.eu\/blog\/wp-content\/uploads\/2019\/12\/cropped-rancheria-14.png?fit=1597%2C422&ssl=1","contentUrl":"https:\/\/i0.wp.com\/asimon.eu\/blog\/wp-content\/uploads\/2019\/12\/cropped-rancheria-14.png?fit=1597%2C422&ssl=1","width":1597,"height":422,"caption":"Andr\u00e9"},"logo":{"@id":"https:\/\/i0.wp.com\/asimon.eu\/blog\/wp-content\/uploads\/2019\/12\/cropped-rancheria-14.png?fit=1597%2C422&ssl=1"},"description":"Et la vie va ...","sameAs":["https:\/\/asimon.eu"]}]}},"uagb_featured_image_src":{"full":false,"thumbnail":false,"medium":false,"medium_large":false,"large":false,"gs-tiny":false,"xl":false,"xxl":false,"xxxl":false,"xxxxl":false,"xxxxxl":false,"1536x1536":false,"2048x2048":false,"mailpoet_newsletter_max":false},"uagb_author_info":{"display_name":"Andr\u00e9","author_link":"https:\/\/asimon.eu\/blog\/author\/andre\/"},"uagb_comment_info":1,"uagb_excerpt":"Que je sois n\u00e9e d&rsquo;hier ou d&rsquo;avant le d\u00e9luge, j&rsquo;ai souvent l&rsquo;impression de tout recommencer. Quand j&rsquo;ai pris ma revanche ou bien trouv\u00e9 refuge, dans&hellip;","jetpack-related-posts":[{"id":240,"url":"https:\/\/asimon.eu\/blog\/imagine\/","url_meta":{"origin":591,"position":0},"title":"Imagine.","author":"Andr\u00e9","date":"13 janvier 2016","format":false,"excerpt":"https:\/\/youtu.be\/VOgFZfRVaww Imagine there's no heaven, It's easy if you try, No hell below us, Above us only sky, Imagine all the people living for today... Imagine there's no countries, It isnt hard to do, Nothing to kill or die for, No religion too, Imagine all the people living life in\u2026","rel":"","context":"Dans \"Chanson\"","block_context":{"text":"Chanson","link":"https:\/\/asimon.eu\/blog\/tag\/chanson\/"},"img":{"alt_text":"","src":"https:\/\/i0.wp.com\/img.youtube.com\/vi\/VOgFZfRVaww\/0.jpg?resize=350%2C200","width":350,"height":200},"classes":[]},{"id":3568,"url":"https:\/\/asimon.eu\/blog\/la-quete\/","url_meta":{"origin":591,"position":1},"title":"La Qu\u00eate","author":"Andr\u00e9","date":"20 janvier 2017","format":false,"excerpt":"https:\/\/youtu.be\/DCO7pCEdxTA?list=PLVUhqPbWyCOBTMdPKq32mGqBHiGt8hPGR R\u00eaver un impossible r\u00eavePorter le chagrin des d\u00e9partsBr\u00fbler d'une possible fi\u00e8vrePartir o\u00f9 personne ne part Aimer jusqu'\u00e0 la d\u00e9chirureAimer, m\u00eame trop, m\u00eame mal,Tenter, sans force et sans armure,D'atteindre l'inaccessible \u00e9toile Telle est ma qu\u00eate,Suivre l'\u00e9toilePeu m'importent mes chancesPeu m'importe le tempsOu ma d\u00e9sesp\u00e9ranceEt puis lutter toujoursSans questions ni reposSe\u2026","rel":"","context":"Dans \"Paroles\"","block_context":{"text":"Paroles","link":"https:\/\/asimon.eu\/blog\/tag\/paroles\/"},"img":{"alt_text":"","src":"https:\/\/i0.wp.com\/img.youtube.com\/vi\/PLVUhqPbWyCOBTMdPKq32mGqBHiGt8hPGR\/0.jpg?resize=350%2C200","width":350,"height":200},"classes":[]},{"id":3565,"url":"https:\/\/asimon.eu\/blog\/lhomme-de-la-mancha\/","url_meta":{"origin":591,"position":2},"title":"L&rsquo;Homme de la Mancha","author":"Andr\u00e9","date":"20 janvier 2017","format":false,"excerpt":"https:\/\/youtu.be\/tv6P567IGas \u00c9coute-moiPauvre monde, insupportable mondeC'en est trop, tu es tomb\u00e9 trop basTu es trop gris, tu es trop laidAbominable monde, \u00e9coute-moiUn chevalier te d\u00e9fie. Oui c'est moi, Don QuichotteSeigneur de la ManchaPour toujours au service de l'honneurCar j'ai l'honneur d'\u00eatre moiDon Quichotte sans peurEt le vent de l'histoire chante en\u2026","rel":"","context":"Dans \"gris\"","block_context":{"text":"gris","link":"https:\/\/asimon.eu\/blog\/tag\/gris\/"},"img":{"alt_text":"","src":"https:\/\/i0.wp.com\/img.youtube.com\/vi\/tv6P567IGas\/0.jpg?resize=350%2C200","width":350,"height":200},"classes":[]},{"id":273566,"url":"https:\/\/asimon.eu\/blog\/te-quiero\/","url_meta":{"origin":591,"position":3},"title":"Te quiero","author":"Andr\u00e9","date":"22 janvier 2016","format":false,"excerpt":"https:\/\/youtu.be\/q_JiHvs4dSM Tus manos son mi cariciamis acordes cotidianoste quiero porque tus manostrabajan por la justicia si te quiero es porque sosmi amor mi c\u00f3mplice y todoy en la calle codo a codosomos mucho m\u00e1s que dos tus ojos son mi conjurocontra la mala jornadate quiero por tu miradaque mira y\u2026","rel":"","context":"Dans \"Chanson\"","block_context":{"text":"Chanson","link":"https:\/\/asimon.eu\/blog\/tag\/chanson\/"},"img":{"alt_text":"","src":"https:\/\/i0.wp.com\/img.youtube.com\/vi\/q_JiHvs4dSM\/0.jpg?resize=350%2C200","width":350,"height":200},"classes":[]},{"id":273564,"url":"https:\/\/asimon.eu\/blog\/quand-les-hommes-vivront-damour\/","url_meta":{"origin":591,"position":4},"title":"Quand les hommes vivront d&rsquo;amour.","author":"Andr\u00e9","date":"13 janvier 2016","format":false,"excerpt":"https:\/\/youtu.be\/EspK03oWGN0 Quand les hommes vivront d'amourIl n'y aura plus de mis\u00e8reEt commenceront les beaux joursMais nous nous serons morts mon fr\u00e8reQuand les hommes vivront d'amourCe sera la paix sur la terreLes soldats seront troubadoursMais nous nous serons morts mon fr\u00e8re Dans la grand' cha\u00eene de la vieO\u00f9 il fallait que\u2026","rel":"","context":"Dans \"amour\"","block_context":{"text":"amour","link":"https:\/\/asimon.eu\/blog\/tag\/amour\/"},"img":{"alt_text":"","src":"https:\/\/i0.wp.com\/img.youtube.com\/vi\/EspK03oWGN0\/0.jpg?resize=350%2C200","width":350,"height":200},"classes":[]},{"id":273565,"url":"https:\/\/asimon.eu\/blog\/page-decriture\/","url_meta":{"origin":591,"position":5},"title":"Page d&rsquo;\u00e9criture","author":"Andr\u00e9","date":"20 janvier 2016","format":false,"excerpt":"https:\/\/youtu.be\/Shs2H9u6wak Deux et deux quatrequatre et quatre huithuit et huit font seize...R\u00e9p\u00e9tez ! dit le ma\u00eetreDeux et deux quatrequatre et quatre huithuit et huit font seize.Mais voil\u00e0 l\u2019oiseau-lyrequi passe dans le ciell\u2019enfant le voitl\u2019enfant l\u2019entendl\u2019enfant l\u2019appelle :Sauve-moijoue avec moioiseau !Alors l\u2019oiseau descendet joue avec l\u2019enfantDeux et deux quatre...R\u00e9p\u00e9tez ! dit\u2026","rel":"","context":"Dans \"Chanson\"","block_context":{"text":"Chanson","link":"https:\/\/asimon.eu\/blog\/tag\/chanson\/"},"img":{"alt_text":"","src":"https:\/\/i0.wp.com\/img.youtube.com\/vi\/Shs2H9u6wak\/0.jpg?resize=350%2C200","width":350,"height":200},"classes":[]}],"jetpack_shortlink":"https:\/\/wp.me\/P9rk1P-9x","jetpack_sharing_enabled":true,"jetpack_likes_enabled":true,"_links":{"self":[{"href":"https:\/\/asimon.eu\/blog\/wp-json\/wp\/v2\/pages\/591","targetHints":{"allow":["GET"]}}],"collection":[{"href":"https:\/\/asimon.eu\/blog\/wp-json\/wp\/v2\/pages"}],"about":[{"href":"https:\/\/asimon.eu\/blog\/wp-json\/wp\/v2\/types\/page"}],"author":[{"embeddable":true,"href":"https:\/\/asimon.eu\/blog\/wp-json\/wp\/v2\/users\/1"}],"replies":[{"embeddable":true,"href":"https:\/\/asimon.eu\/blog\/wp-json\/wp\/v2\/comments?post=591"}],"version-history":[{"count":1,"href":"https:\/\/asimon.eu\/blog\/wp-json\/wp\/v2\/pages\/591\/revisions"}],"predecessor-version":[{"id":476124,"href":"https:\/\/asimon.eu\/blog\/wp-json\/wp\/v2\/pages\/591\/revisions\/476124"}],"wp:attachment":[{"href":"https:\/\/asimon.eu\/blog\/wp-json\/wp\/v2\/media?parent=591"}],"curies":[{"name":"wp","href":"https:\/\/api.w.org\/{rel}","templated":true}]}}