{"id":67,"date":"2018-06-26T17:28:24","date_gmt":"2018-06-26T15:28:24","guid":{"rendered":"http:\/\/asimon.eu\/blog\/?page_id=67"},"modified":"2023-06-12T19:34:39","modified_gmt":"2023-06-12T17:34:39","slug":"a-propos-de","status":"publish","type":"page","link":"https:\/\/asimon.eu\/blog\/a-propos-de\/","title":{"rendered":"\u00c0 propos de"},"content":{"rendered":"<p>Je m&rsquo;appelle Andr\u00e9, je vis en Belgique, Europe. Ce monde o\u00f9 je vis n&rsquo;est pas celui dont je r\u00eave, nos id\u00e9aux de jeunesse ont \u00e9t\u00e9 trahis, par le temps qui passe et qui use, par l&rsquo;indiff\u00e9rence, l&rsquo;ignorance, la paresse, par nous-m\u00eames et nos semblables, tellement semblables. Aujourd&rsquo;hui les fissures du monde sont visibles, ou du moins je n&rsquo;arrive plus \u00e0 fermer les yeux ou \u00e0 regarder ailleurs &#8230; mais il n&rsquo;y a pas d&rsquo;ailleurs.<\/p>\n<p>Je n&rsquo;arrive plus non plus \u00e0 me taire, alors je lance ce blog comme une bouteille \u00e0 la mer.<\/p>\n<p>Commenc\u00e9 en 2015, naufrag\u00e9 en 2018, mon radeau virtuel reprend son improbable voyage avec les quelques textes sauv\u00e9s du naufrage.<\/p>\n<p>Si comme moi il t&rsquo;arrive de fredonner \u00ab\u00a0Imagine\u00a0\u00bb en contemplant le d\u00e9sastre du monde, sois le bienvenu sur mon radeau pour partager quelques instants ou quelques mots.<\/p>\n\n\n\n","protected":false},"excerpt":{"rendered":"<p>Je m&rsquo;appelle Andr\u00e9, je vis en Belgique, Europe. Ce monde o\u00f9 je vis n&rsquo;est pas celui dont je r\u00eave, nos id\u00e9aux de jeunesse ont \u00e9t\u00e9&hellip;<\/p>\n","protected":false},"author":1,"featured_media":472715,"parent":0,"menu_order":0,"comment_status":"closed","ping_status":"closed","template":"","meta":{"_uag_custom_page_level_css":"","_lmt_disableupdate":"","_lmt_disable":"","h5ap_radio_sources":[],"jetpack_post_was_ever_published":false,"footnotes":""},"class_list":["post-67","page","type-page","status-publish","has-post-thumbnail","hentry"],"featured_image_urls_v2":{"full":["https:\/\/i0.wp.com\/asimon.eu\/blog\/wp-content\/uploads\/2019\/06\/andre_guajira_2.png?fit=1078%2C401&ssl=1",1078,401,false],"thumbnail":["https:\/\/i0.wp.com\/asimon.eu\/blog\/wp-content\/uploads\/2019\/06\/andre_guajira_2.png?resize=150%2C150&ssl=1",150,150,true],"medium":["https:\/\/i0.wp.com\/asimon.eu\/blog\/wp-content\/uploads\/2019\/06\/andre_guajira_2.png?fit=300%2C112&ssl=1",300,112,true],"medium_large":["https:\/\/i0.wp.com\/asimon.eu\/blog\/wp-content\/uploads\/2019\/06\/andre_guajira_2.png?fit=768%2C286&ssl=1",768,286,true],"large":["https:\/\/i0.wp.com\/asimon.eu\/blog\/wp-content\/uploads\/2019\/06\/andre_guajira_2.png?fit=843%2C314&ssl=1",843,314,true],"gs-tiny":["https:\/\/i0.wp.com\/asimon.eu\/blog\/wp-content\/uploads\/2019\/06\/andre_guajira_2.png?fit=50%2C19&ssl=1",50,19,true],"xl":["https:\/\/i0.wp.com\/asimon.eu\/blog\/wp-content\/uploads\/2019\/06\/andre_guajira_2.png?fit=1078%2C401&ssl=1",1078,401,true],"xxl":["https:\/\/i0.wp.com\/asimon.eu\/blog\/wp-content\/uploads\/2019\/06\/andre_guajira_2.png?fit=1078%2C401&ssl=1",1078,401,true],"xxxl":["https:\/\/i0.wp.com\/asimon.eu\/blog\/wp-content\/uploads\/2019\/06\/andre_guajira_2.png?fit=1078%2C401&ssl=1",1078,401,true],"xxxxl":["https:\/\/i0.wp.com\/asimon.eu\/blog\/wp-content\/uploads\/2019\/06\/andre_guajira_2.png?fit=1078%2C401&ssl=1",1078,401,true],"xxxxxl":["https:\/\/i0.wp.com\/asimon.eu\/blog\/wp-content\/uploads\/2019\/06\/andre_guajira_2.png?fit=1078%2C401&ssl=1",1078,401,true],"1536x1536":["https:\/\/i0.wp.com\/asimon.eu\/blog\/wp-content\/uploads\/2019\/06\/andre_guajira_2.png?fit=1078%2C401&ssl=1",1078,401,true],"2048x2048":["https:\/\/i0.wp.com\/asimon.eu\/blog\/wp-content\/uploads\/2019\/06\/andre_guajira_2.png?fit=1078%2C401&ssl=1",1078,401,true],"mailpoet_newsletter_max":["https:\/\/i0.wp.com\/asimon.eu\/blog\/wp-content\/uploads\/2019\/06\/andre_guajira_2.png?fit=1078%2C401&ssl=1",1078,401,true]},"post_excerpt_stackable_v2":"<p>Je m&rsquo;appelle Andr\u00e9, je vis en Belgique, Europe. Ce monde o\u00f9 je vis n&rsquo;est pas celui dont je r\u00eave, nos id\u00e9aux de jeunesse ont \u00e9t\u00e9 trahis, par le temps qui passe et qui use, par l&rsquo;indiff\u00e9rence, l&rsquo;ignorance, la paresse, par nous-m\u00eames et nos semblables, tellement semblables. Aujourd&rsquo;hui les fissures du monde sont visibles, ou du moins je n&rsquo;arrive plus \u00e0 fermer les yeux ou \u00e0 regarder ailleurs &#8230; mais il n&rsquo;y a pas d&rsquo;ailleurs. Je n&rsquo;arrive plus non plus \u00e0 me taire, alors je lance ce blog comme une bouteille \u00e0 la mer. Commenc\u00e9 en 2015, naufrag\u00e9 en 2018, mon\u2026<\/p>\n","category_list_v2":"","author_info_v2":{"name":"Andr\u00e9","url":"https:\/\/asimon.eu\/blog\/author\/andre\/"},"comments_num_v2":"0 commentaire","yoast_head":"<!-- This site is optimized with the Yoast SEO plugin v27.4 - https:\/\/yoast.com\/product\/yoast-seo-wordpress\/ -->\n<title>\u00c0 propos de - Cemondeblog<\/title>\n<meta name=\"robots\" content=\"index, follow, max-snippet:-1, max-image-preview:large, max-video-preview:-1\" \/>\n<link rel=\"canonical\" href=\"https:\/\/asimon.eu\/blog\/a-propos-de\/\" \/>\n<meta property=\"og:locale\" content=\"fr_FR\" \/>\n<meta property=\"og:type\" content=\"article\" \/>\n<meta property=\"og:title\" content=\"\u00c0 propos de - Cemondeblog\" \/>\n<meta property=\"og:description\" content=\"Je m&rsquo;appelle Andr\u00e9, je vis en Belgique, Europe. Ce monde o\u00f9 je vis n&rsquo;est pas celui dont je r\u00eave, nos id\u00e9aux de jeunesse ont \u00e9t\u00e9&hellip;\" \/>\n<meta property=\"og:url\" content=\"https:\/\/asimon.eu\/blog\/a-propos-de\/\" \/>\n<meta property=\"og:site_name\" content=\"Cemondeblog\" \/>\n<meta property=\"article:modified_time\" content=\"2023-06-12T17:34:39+00:00\" \/>\n<meta property=\"og:image\" content=\"https:\/\/asimon.eu\/blog\/wp-content\/uploads\/2019\/06\/andre_guajira_2.png\" \/>\n\t<meta property=\"og:image:width\" content=\"1078\" \/>\n\t<meta property=\"og:image:height\" content=\"401\" \/>\n\t<meta property=\"og:image:type\" content=\"image\/png\" \/>\n<meta name=\"twitter:card\" content=\"summary_large_image\" \/>\n<meta name=\"twitter:site\" content=\"@olrik16\" \/>\n<meta name=\"twitter:label1\" content=\"Dur\u00e9e de lecture estim\u00e9e\" \/>\n\t<meta name=\"twitter:data1\" content=\"1 minute\" \/>\n<script type=\"application\/ld+json\" class=\"yoast-schema-graph\">{\"@context\":\"https:\\\/\\\/schema.org\",\"@graph\":[{\"@type\":\"WebPage\",\"@id\":\"https:\\\/\\\/asimon.eu\\\/blog\\\/a-propos-de\\\/\",\"url\":\"https:\\\/\\\/asimon.eu\\\/blog\\\/a-propos-de\\\/\",\"name\":\"\u00c0 propos de - Cemondeblog\",\"isPartOf\":{\"@id\":\"https:\\\/\\\/asimon.eu\\\/blog\\\/#website\"},\"primaryImageOfPage\":{\"@id\":\"https:\\\/\\\/asimon.eu\\\/blog\\\/a-propos-de\\\/#primaryimage\"},\"image\":{\"@id\":\"https:\\\/\\\/asimon.eu\\\/blog\\\/a-propos-de\\\/#primaryimage\"},\"thumbnailUrl\":\"https:\\\/\\\/i0.wp.com\\\/asimon.eu\\\/blog\\\/wp-content\\\/uploads\\\/2019\\\/06\\\/andre_guajira_2.png?fit=1078%2C401&ssl=1\",\"datePublished\":\"2018-06-26T15:28:24+00:00\",\"dateModified\":\"2023-06-12T17:34:39+00:00\",\"breadcrumb\":{\"@id\":\"https:\\\/\\\/asimon.eu\\\/blog\\\/a-propos-de\\\/#breadcrumb\"},\"inLanguage\":\"fr-FR\",\"potentialAction\":[{\"@type\":\"ReadAction\",\"target\":[\"https:\\\/\\\/asimon.eu\\\/blog\\\/a-propos-de\\\/\"]}]},{\"@type\":\"ImageObject\",\"inLanguage\":\"fr-FR\",\"@id\":\"https:\\\/\\\/asimon.eu\\\/blog\\\/a-propos-de\\\/#primaryimage\",\"url\":\"https:\\\/\\\/i0.wp.com\\\/asimon.eu\\\/blog\\\/wp-content\\\/uploads\\\/2019\\\/06\\\/andre_guajira_2.png?fit=1078%2C401&ssl=1\",\"contentUrl\":\"https:\\\/\\\/i0.wp.com\\\/asimon.eu\\\/blog\\\/wp-content\\\/uploads\\\/2019\\\/06\\\/andre_guajira_2.png?fit=1078%2C401&ssl=1\",\"width\":1078,\"height\":401},{\"@type\":\"BreadcrumbList\",\"@id\":\"https:\\\/\\\/asimon.eu\\\/blog\\\/a-propos-de\\\/#breadcrumb\",\"itemListElement\":[{\"@type\":\"ListItem\",\"position\":1,\"name\":\"Accueil\",\"item\":\"https:\\\/\\\/asimon.eu\\\/blog\\\/\"},{\"@type\":\"ListItem\",\"position\":2,\"name\":\"\u00c0 propos de\"}]},{\"@type\":\"WebSite\",\"@id\":\"https:\\\/\\\/asimon.eu\\\/blog\\\/#website\",\"url\":\"https:\\\/\\\/asimon.eu\\\/blog\\\/\",\"name\":\"Cemondeblog\",\"description\":\"Ce monde o\u00f9 je vis, o\u00f9 nous vivons.\",\"publisher\":{\"@id\":\"https:\\\/\\\/asimon.eu\\\/blog\\\/#\\\/schema\\\/person\\\/4aef5843155766a51be733fbdace4241\"},\"potentialAction\":[{\"@type\":\"SearchAction\",\"target\":{\"@type\":\"EntryPoint\",\"urlTemplate\":\"https:\\\/\\\/asimon.eu\\\/blog\\\/?s={search_term_string}\"},\"query-input\":{\"@type\":\"PropertyValueSpecification\",\"valueRequired\":true,\"valueName\":\"search_term_string\"}}],\"inLanguage\":\"fr-FR\"},{\"@type\":[\"Person\",\"Organization\"],\"@id\":\"https:\\\/\\\/asimon.eu\\\/blog\\\/#\\\/schema\\\/person\\\/4aef5843155766a51be733fbdace4241\",\"name\":\"Andr\u00e9\",\"image\":{\"@type\":\"ImageObject\",\"inLanguage\":\"fr-FR\",\"@id\":\"https:\\\/\\\/i0.wp.com\\\/asimon.eu\\\/blog\\\/wp-content\\\/uploads\\\/2019\\\/12\\\/cropped-rancheria-14.png?fit=1597%2C422&ssl=1\",\"url\":\"https:\\\/\\\/i0.wp.com\\\/asimon.eu\\\/blog\\\/wp-content\\\/uploads\\\/2019\\\/12\\\/cropped-rancheria-14.png?fit=1597%2C422&ssl=1\",\"contentUrl\":\"https:\\\/\\\/i0.wp.com\\\/asimon.eu\\\/blog\\\/wp-content\\\/uploads\\\/2019\\\/12\\\/cropped-rancheria-14.png?fit=1597%2C422&ssl=1\",\"width\":1597,\"height\":422,\"caption\":\"Andr\u00e9\"},\"logo\":{\"@id\":\"https:\\\/\\\/i0.wp.com\\\/asimon.eu\\\/blog\\\/wp-content\\\/uploads\\\/2019\\\/12\\\/cropped-rancheria-14.png?fit=1597%2C422&ssl=1\"},\"description\":\"Et la vie va ...\",\"sameAs\":[\"https:\\\/\\\/asimon.eu\"]}]}<\/script>\n<!-- \/ Yoast SEO plugin. -->","yoast_head_json":{"title":"\u00c0 propos de - Cemondeblog","robots":{"index":"index","follow":"follow","max-snippet":"max-snippet:-1","max-image-preview":"max-image-preview:large","max-video-preview":"max-video-preview:-1"},"canonical":"https:\/\/asimon.eu\/blog\/a-propos-de\/","og_locale":"fr_FR","og_type":"article","og_title":"\u00c0 propos de - Cemondeblog","og_description":"Je m&rsquo;appelle Andr\u00e9, je vis en Belgique, Europe. Ce monde o\u00f9 je vis n&rsquo;est pas celui dont je r\u00eave, nos id\u00e9aux de jeunesse ont \u00e9t\u00e9&hellip;","og_url":"https:\/\/asimon.eu\/blog\/a-propos-de\/","og_site_name":"Cemondeblog","article_modified_time":"2023-06-12T17:34:39+00:00","og_image":[{"width":1078,"height":401,"url":"https:\/\/asimon.eu\/blog\/wp-content\/uploads\/2019\/06\/andre_guajira_2.png","type":"image\/png"}],"twitter_card":"summary_large_image","twitter_site":"@olrik16","twitter_misc":{"Dur\u00e9e de lecture estim\u00e9e":"1 minute"},"schema":{"@context":"https:\/\/schema.org","@graph":[{"@type":"WebPage","@id":"https:\/\/asimon.eu\/blog\/a-propos-de\/","url":"https:\/\/asimon.eu\/blog\/a-propos-de\/","name":"\u00c0 propos de - Cemondeblog","isPartOf":{"@id":"https:\/\/asimon.eu\/blog\/#website"},"primaryImageOfPage":{"@id":"https:\/\/asimon.eu\/blog\/a-propos-de\/#primaryimage"},"image":{"@id":"https:\/\/asimon.eu\/blog\/a-propos-de\/#primaryimage"},"thumbnailUrl":"https:\/\/i0.wp.com\/asimon.eu\/blog\/wp-content\/uploads\/2019\/06\/andre_guajira_2.png?fit=1078%2C401&ssl=1","datePublished":"2018-06-26T15:28:24+00:00","dateModified":"2023-06-12T17:34:39+00:00","breadcrumb":{"@id":"https:\/\/asimon.eu\/blog\/a-propos-de\/#breadcrumb"},"inLanguage":"fr-FR","potentialAction":[{"@type":"ReadAction","target":["https:\/\/asimon.eu\/blog\/a-propos-de\/"]}]},{"@type":"ImageObject","inLanguage":"fr-FR","@id":"https:\/\/asimon.eu\/blog\/a-propos-de\/#primaryimage","url":"https:\/\/i0.wp.com\/asimon.eu\/blog\/wp-content\/uploads\/2019\/06\/andre_guajira_2.png?fit=1078%2C401&ssl=1","contentUrl":"https:\/\/i0.wp.com\/asimon.eu\/blog\/wp-content\/uploads\/2019\/06\/andre_guajira_2.png?fit=1078%2C401&ssl=1","width":1078,"height":401},{"@type":"BreadcrumbList","@id":"https:\/\/asimon.eu\/blog\/a-propos-de\/#breadcrumb","itemListElement":[{"@type":"ListItem","position":1,"name":"Accueil","item":"https:\/\/asimon.eu\/blog\/"},{"@type":"ListItem","position":2,"name":"\u00c0 propos de"}]},{"@type":"WebSite","@id":"https:\/\/asimon.eu\/blog\/#website","url":"https:\/\/asimon.eu\/blog\/","name":"Cemondeblog","description":"Ce monde o\u00f9 je vis, o\u00f9 nous vivons.","publisher":{"@id":"https:\/\/asimon.eu\/blog\/#\/schema\/person\/4aef5843155766a51be733fbdace4241"},"potentialAction":[{"@type":"SearchAction","target":{"@type":"EntryPoint","urlTemplate":"https:\/\/asimon.eu\/blog\/?s={search_term_string}"},"query-input":{"@type":"PropertyValueSpecification","valueRequired":true,"valueName":"search_term_string"}}],"inLanguage":"fr-FR"},{"@type":["Person","Organization"],"@id":"https:\/\/asimon.eu\/blog\/#\/schema\/person\/4aef5843155766a51be733fbdace4241","name":"Andr\u00e9","image":{"@type":"ImageObject","inLanguage":"fr-FR","@id":"https:\/\/i0.wp.com\/asimon.eu\/blog\/wp-content\/uploads\/2019\/12\/cropped-rancheria-14.png?fit=1597%2C422&ssl=1","url":"https:\/\/i0.wp.com\/asimon.eu\/blog\/wp-content\/uploads\/2019\/12\/cropped-rancheria-14.png?fit=1597%2C422&ssl=1","contentUrl":"https:\/\/i0.wp.com\/asimon.eu\/blog\/wp-content\/uploads\/2019\/12\/cropped-rancheria-14.png?fit=1597%2C422&ssl=1","width":1597,"height":422,"caption":"Andr\u00e9"},"logo":{"@id":"https:\/\/i0.wp.com\/asimon.eu\/blog\/wp-content\/uploads\/2019\/12\/cropped-rancheria-14.png?fit=1597%2C422&ssl=1"},"description":"Et la vie va ...","sameAs":["https:\/\/asimon.eu"]}]}},"uagb_featured_image_src":{"full":["https:\/\/i0.wp.com\/asimon.eu\/blog\/wp-content\/uploads\/2019\/06\/andre_guajira_2.png?fit=1078%2C401&ssl=1",1078,401,false],"thumbnail":["https:\/\/i0.wp.com\/asimon.eu\/blog\/wp-content\/uploads\/2019\/06\/andre_guajira_2.png?resize=150%2C150&ssl=1",150,150,true],"medium":["https:\/\/i0.wp.com\/asimon.eu\/blog\/wp-content\/uploads\/2019\/06\/andre_guajira_2.png?fit=300%2C112&ssl=1",300,112,true],"medium_large":["https:\/\/i0.wp.com\/asimon.eu\/blog\/wp-content\/uploads\/2019\/06\/andre_guajira_2.png?fit=768%2C286&ssl=1",768,286,true],"large":["https:\/\/i0.wp.com\/asimon.eu\/blog\/wp-content\/uploads\/2019\/06\/andre_guajira_2.png?fit=843%2C314&ssl=1",843,314,true],"gs-tiny":["https:\/\/i0.wp.com\/asimon.eu\/blog\/wp-content\/uploads\/2019\/06\/andre_guajira_2.png?fit=50%2C19&ssl=1",50,19,true],"xl":["https:\/\/i0.wp.com\/asimon.eu\/blog\/wp-content\/uploads\/2019\/06\/andre_guajira_2.png?fit=1078%2C401&ssl=1",1078,401,true],"xxl":["https:\/\/i0.wp.com\/asimon.eu\/blog\/wp-content\/uploads\/2019\/06\/andre_guajira_2.png?fit=1078%2C401&ssl=1",1078,401,true],"xxxl":["https:\/\/i0.wp.com\/asimon.eu\/blog\/wp-content\/uploads\/2019\/06\/andre_guajira_2.png?fit=1078%2C401&ssl=1",1078,401,true],"xxxxl":["https:\/\/i0.wp.com\/asimon.eu\/blog\/wp-content\/uploads\/2019\/06\/andre_guajira_2.png?fit=1078%2C401&ssl=1",1078,401,true],"xxxxxl":["https:\/\/i0.wp.com\/asimon.eu\/blog\/wp-content\/uploads\/2019\/06\/andre_guajira_2.png?fit=1078%2C401&ssl=1",1078,401,true],"1536x1536":["https:\/\/i0.wp.com\/asimon.eu\/blog\/wp-content\/uploads\/2019\/06\/andre_guajira_2.png?fit=1078%2C401&ssl=1",1078,401,true],"2048x2048":["https:\/\/i0.wp.com\/asimon.eu\/blog\/wp-content\/uploads\/2019\/06\/andre_guajira_2.png?fit=1078%2C401&ssl=1",1078,401,true],"mailpoet_newsletter_max":["https:\/\/i0.wp.com\/asimon.eu\/blog\/wp-content\/uploads\/2019\/06\/andre_guajira_2.png?fit=1078%2C401&ssl=1",1078,401,true]},"uagb_author_info":{"display_name":"Andr\u00e9","author_link":"https:\/\/asimon.eu\/blog\/author\/andre\/"},"uagb_comment_info":0,"uagb_excerpt":"Je m&rsquo;appelle Andr\u00e9, je vis en Belgique, Europe. Ce monde o\u00f9 je vis n&rsquo;est pas celui dont je r\u00eave, nos id\u00e9aux de jeunesse ont \u00e9t\u00e9&hellip;","jetpack-related-posts":[{"id":484475,"url":"https:\/\/asimon.eu\/blog\/chez\/","url_meta":{"origin":67,"position":0},"title":"Chez","author":"Andr\u00e9","date":"23 mai 2023","format":false,"excerpt":"Vous \u00eates sur le site web d'Andr\u00e9 Simon Bienvenue chez moi \u00c0 voir \u00e0 partir de cette page: Cemondeblog Rencontre au bout du monde Photos \"Silent Sunday\" Ce monde o\u00f9 je vis n'est pas celui dont je r\u00eave. Aujourd'hui, je n'arrive plus \u00e0 regarder ailleurs ... il n'y a pas\u2026","rel":"","context":"Dans \"dimanche\"","block_context":{"text":"dimanche","link":"https:\/\/asimon.eu\/blog\/tag\/dimanche\/"},"img":{"alt_text":"","src":"https:\/\/i0.wp.com\/asimon.eu\/blog\/wp-content\/uploads\/2018\/06\/andre_guajira_300px.jpg?resize=350%2C200&ssl=1","width":350,"height":200,"srcset":"https:\/\/i0.wp.com\/asimon.eu\/blog\/wp-content\/uploads\/2018\/06\/andre_guajira_300px.jpg?resize=350%2C200&ssl=1 1x, https:\/\/i0.wp.com\/asimon.eu\/blog\/wp-content\/uploads\/2018\/06\/andre_guajira_300px.jpg?resize=525%2C300&ssl=1 1.5x, https:\/\/i0.wp.com\/asimon.eu\/blog\/wp-content\/uploads\/2018\/06\/andre_guajira_300px.jpg?resize=700%2C400&ssl=1 2x"},"classes":[]},{"id":484347,"url":"https:\/\/asimon.eu\/blog\/home\/","url_meta":{"origin":67,"position":1},"title":"Home","author":"Andr\u00e9","date":"23 mai 2023","format":false,"excerpt":"Vous \u00eates sur le site web d'Andr\u00e9 Simon Bienvenue chez moi \u00c0 voir \u00e0 partir de cette page: Cemondeblog Rencontre au bout du monde Photos \"Silent Sunday\" Ce monde o\u00f9 je vis n'est pas celui dont je r\u00eave. Aujourd'hui, je n'arrive plus \u00e0 regarder ailleurs ... il n'y a pas\u2026","rel":"","context":"Dans \"accueil\"","block_context":{"text":"accueil","link":"https:\/\/asimon.eu\/blog\/tag\/accueil\/"},"img":{"alt_text":"","src":"https:\/\/i0.wp.com\/asimon.eu\/blog\/wp-content\/uploads\/2018\/06\/andre_guajira_300px.jpg?resize=350%2C200&ssl=1","width":350,"height":200,"srcset":"https:\/\/i0.wp.com\/asimon.eu\/blog\/wp-content\/uploads\/2018\/06\/andre_guajira_300px.jpg?resize=350%2C200&ssl=1 1x, https:\/\/i0.wp.com\/asimon.eu\/blog\/wp-content\/uploads\/2018\/06\/andre_guajira_300px.jpg?resize=525%2C300&ssl=1 1.5x, https:\/\/i0.wp.com\/asimon.eu\/blog\/wp-content\/uploads\/2018\/06\/andre_guajira_300px.jpg?resize=700%2C400&ssl=1 2x"},"classes":[]},{"id":273638,"url":"https:\/\/asimon.eu\/blog\/lanterne-magique-de-picasso\/","url_meta":{"origin":67,"position":2},"title":"Lanterne magique de Picasso","author":"Andr\u00e9","date":"4 ao\u00fbt 2018","format":false,"excerpt":"Tous les yeux d\u2019une femme jou\u00e9s sur le m\u00eame tableau Les traits de l\u2019\u00eatre aim\u00e9 traqu\u00e9 par le destin sous la fleur immobile d\u2019un sordide papier peint L\u2019herbe blanche du meurtre dans une for\u00eat de chaises Un mendiant de carton \u00e9ventr\u00e9 sur une table de marbre Les cendres d\u2019un cigare\u2026","rel":"","context":"Dans \"Enfants\"","block_context":{"text":"Enfants","link":"https:\/\/asimon.eu\/blog\/tag\/enfants\/"},"img":{"alt_text":"","src":"","width":0,"height":0},"classes":[]},{"id":273563,"url":"https:\/\/asimon.eu\/blog\/est-ce-ainsi-que-les-hommes-vivent\/","url_meta":{"origin":67,"position":3},"title":"Est-ce ainsi que les hommes vivent ?","author":"Andr\u00e9","date":"13 janvier 2016","format":false,"excerpt":"https:\/\/youtu.be\/XM9UXYSx8Ok Tout est affaire de d\u00e9cor Changer de lit changer de corps \u00c0 quoi bon puisque c'est encore Moi qui moi-m\u00eame me trahis Moi qui me tra\u00eene et m'\u00e9parpille Et mon ombre se d\u00e9shabille Dans les bras semblables des filles O\u00f9 j'ai cru trouver un pays. Coeur l\u00e9ger coeur changeant\u2026","rel":"","context":"Dans \"amour\"","block_context":{"text":"amour","link":"https:\/\/asimon.eu\/blog\/tag\/amour\/"},"img":{"alt_text":"","src":"https:\/\/i0.wp.com\/img.youtube.com\/vi\/XM9UXYSx8Ok\/0.jpg?resize=350%2C200","width":350,"height":200},"classes":[]},{"id":591,"url":"https:\/\/asimon.eu\/blog\/ecrire-pour-ne-pas-mourir\/","url_meta":{"origin":67,"position":4},"title":"\u00c9crire pour ne pas mourir","author":"Andr\u00e9","date":"28 janvier 2016","format":false,"excerpt":"https:\/\/youtu.be\/hdjXzp0-IoQ Que je sois n\u00e9e d'hier ou d'avant le d\u00e9luge, j'ai souvent l'impression de tout recommencer. Quand j'ai pris ma revanche ou bien trouv\u00e9 refuge, dans mes chansons, toujours, j'ai voulu exister. Que vous sachiez de moi ce que j'en veux bien dire, que vous soyez fid\u00e8les ou bien simples\u2026","rel":"","context":"Dans \"amour\"","block_context":{"text":"amour","link":"https:\/\/asimon.eu\/blog\/tag\/amour\/"},"img":{"alt_text":"","src":"https:\/\/i0.wp.com\/img.youtube.com\/vi\/hdjXzp0-IoQ\/0.jpg?resize=350%2C200","width":350,"height":200},"classes":[]},{"id":1290,"url":"https:\/\/asimon.eu\/blog\/la-pedagogie-du-renoncement\/","url_meta":{"origin":67,"position":5},"title":"La p\u00e9dagogie du renoncement.","author":"Andr\u00e9","date":"26 f\u00e9vrier 2016","format":false,"excerpt":"R\u00e9flexion de Vincent de Coorebyter, professeur de droit et de philosophie \u00e0 l' ULB. Paru dans Le Soir du 24\/02\/2016 Il r\u00e8gne dans le monde scolaire un malaise profond qui ne perce \u00e0 peu pr\u00e8s jamais dans les m\u00e9dias. Je ne pr\u00e9tends pas l\u2019analyser de mani\u00e8re scientifique, n\u2019\u00e9tant pas un\u2026","rel":"","context":"Dans \"Citations\"","block_context":{"text":"Citations","link":"https:\/\/asimon.eu\/blog\/tag\/citations\/"},"img":{"alt_text":"","src":"","width":0,"height":0},"classes":[]}],"jetpack_shortlink":"https:\/\/wp.me\/P9rk1P-15","jetpack_sharing_enabled":true,"jetpack_likes_enabled":true,"_links":{"self":[{"href":"https:\/\/asimon.eu\/blog\/wp-json\/wp\/v2\/pages\/67","targetHints":{"allow":["GET"]}}],"collection":[{"href":"https:\/\/asimon.eu\/blog\/wp-json\/wp\/v2\/pages"}],"about":[{"href":"https:\/\/asimon.eu\/blog\/wp-json\/wp\/v2\/types\/page"}],"author":[{"embeddable":true,"href":"https:\/\/asimon.eu\/blog\/wp-json\/wp\/v2\/users\/1"}],"replies":[{"embeddable":true,"href":"https:\/\/asimon.eu\/blog\/wp-json\/wp\/v2\/comments?post=67"}],"version-history":[{"count":1,"href":"https:\/\/asimon.eu\/blog\/wp-json\/wp\/v2\/pages\/67\/revisions"}],"predecessor-version":[{"id":484621,"href":"https:\/\/asimon.eu\/blog\/wp-json\/wp\/v2\/pages\/67\/revisions\/484621"}],"wp:featuredmedia":[{"embeddable":true,"href":"https:\/\/asimon.eu\/blog\/wp-json\/wp\/v2\/media\/472715"}],"wp:attachment":[{"href":"https:\/\/asimon.eu\/blog\/wp-json\/wp\/v2\/media?parent=67"}],"curies":[{"name":"wp","href":"https:\/\/api.w.org\/{rel}","templated":true}]}}